 + 569*v + 27022. Let o = -323 - -482. What is the remainder when o is divided by i(-95)?
33
Let c(s) = -1345*s - 571. Calculate the remainder when c(-1) is divided by 39.
33
Suppose -32*f - 2*h - 112 = -36*f, -3*h - 18 = 0. Calculate the remainder when 4896 is divided by f.
21
Calculate the remainder when -1 - -418 - (-9 + 280/20) is divided by 138.
136
Suppose y - 7 = 9. Suppose -28*r = y - 72. What is the remainder when 2 is divided by r?
0
Let l(j) = -36*j - 362. Calculate the remainder when l(-21) is divided by 66.
64
Suppose 70*r - 36755 - 17666 = -18371. What is the remainder when 522 is divided by r?
7
Let c(w) = -w**2 + 4*w. Let y be c(3). Suppose -y*k - 24 = -135. Suppose 472 = 5*g - 263. What is the remainder when g is divided by k?
36
Let k(g) = 2*g**3 - 2*g**2 - 3*g + 67. Suppose -d - 5 = -q - 0*d, -q + 2*d = -10. Calculate the remainder when k(q) is divided by 13.
2
Suppose -3*u - 83 = -2*l - 37, -2*u + 20 = 5*l. Let o be -2*1 - 1*-62. Suppose 9 = 3*n - o. Calculate the remainder when n is divided by l.
7
Let s(r) = 57*r - 115. Let k be s(10). Suppose -l - k = -3*g, 3*g = 2*l - 131 + 585. Calculate the remainder when g is divided by 51.
50
Suppose 3 = b, -7*a - b + 183 = -4*a. Let x(o) = 105*o**2 - 4*o + 5. What is the remainder when x(2) is divided by a?
57
Suppose 4*k - 2*t = 66, 3*t = -k - 2*t. Let x(q) = 15*q + 2. Let p be x(3). Let j = p - 4. Calculate the remainder when j is divided by k.
13
Let u(o) = 5*o**2 - 5*o + 8. Let i(g) = -6*g**2 + 6*g - 9. Let x(b) = -6*i(b) - 7*u(b). Let m = -1078 + 1160. What is the remainder when m is divided by x(6)?
26
Suppose -2231 = 4*h + 21049. What is the remainder when 8/(910/h + 2/12) is divided by 19?
16
Suppose -46*r + 39373 = 5369 - 3992. Calculate the remainder when r is divided by 18.
16
Let p = -17344 + 17456. What is the remainder when 242 is divided by p?
18
Suppose -27*n + 100 = -17*n. Let i(r) = -13*r + 75. Let z(m) = 7*m - 38. Let h(s) = 4*i(s) + 7*z(s). What is the remainder when 8 is divided by h(n)?
0
Let d = 12348 + -11968. What is the remainder when d is divided by 16?
12
Calculate the remainder when 176 is divided by -2 + 615/21 + 11 + 395/(-35).
14
Let k = 425 + -164. Suppose -3*s + 184 = 4*w, 5*w - k = 5*s - s. Calculate the remainder when 186 is divided by w.
39
Let m(v) = 11*v**2 - 53*v - 3. Let t be m(6). Suppose 0 = 19*p - 20*p + x + t, p = 3*x + 85. What is the remainder when p is divided by 14?
0
Let h = -5134 - -5142. Let j(k) = k**3 + 7*k**2 - 3. What is the remainder when j(-5) is divided by h?
7
Let p(f) be the third derivative of -f**5/60 + 13*f**4/12 - 34*f**3/3 - 17*f**2. Calculate the remainder when 138 is divided by p(22).
18
Let k = 5555 + -5253. Calculate the remainder when k is divided by 26.
16
Suppose 0 = 317*q - 314*q - 15. Suppose 10 = q*j, 3*u + 12*j - 1019 = 8*j. What is the remainder when u is divided by 34?
31
Let o(j) = -13*j**2 + 9*j - 8. Let l be o(4). What is the remainder when 63 is divided by (11/6)/((-30)/l)?
8
Let g be (27/(-7) - (-54)/63) + 3784. Suppose -22*i + g = -7285. Calculate the remainder when i is divided by 46.
43
Let p = 32 + -44. Let q be (-3 - p)*8 - -1. Suppose q + 95 = 4*f. Calculate the remainder when f is divided by 15.
12
Let n be 5904/102 - (-2)/17. Suppose 0 = -3*b + 6, -b - 2*b + n = 4*u. Let p = -2 - -11. What is the remainder when u is divided by p?
4
Let r(m) = 20*m**2 - 34*m - 176. Calculate the remainder when r(-7) is divided by 281.
199
Suppose 2653*u - 2660*u + 7591 = 2138. Calculate the remainder when u is divided by 23.
20
Suppose -16*k + 11*k + 476 = 2*j, 3*k + j = 285. Calculate the remainder when 6485 is divided by k.
93
Suppose 0 = -4*p - 20*s + 22*s + 920, -4*p + 3*s = -918. What is the remainder when 366 is divided by p?
135
Let y = -14660 + 14954. Calculate the remainder when 887 is divided by y.
5
Suppose 6 = -3*k, -3*l = -4*l - 3*k + 8. Suppose 31*t + 22705 = 23945. What is the remainder when t is divided by l?
12
Let a = 1763 + -2595. Let x = -532 - a. Let k = -163 + x. Calculate the remainder when k is divided by 35.
32
Suppose 5*n + 4*g = 284, -3*n + 77 + 96 = 5*g. Let q(o) = -10*o. Calculate the remainder when n is divided by q(-2).
16
Let x(h) = -33*h - 3. Let v(a) = -2*a + 0*a + 22 + 3*a. What is the remainder when x(-2) is divided by v(0)?
19
What is the remainder when (-264)/120 - 12677/(-35) is divided by 180?
0
Let g = 25761 + -25748. Calculate the remainder when 2959 is divided by g.
8
Calculate the remainder when (65/(-20))/(3/(-156)) is divided by 49.
22
Let d(n) = n**3 - 6*n**2 + 9*n + 7. Let h = 10360 - 10117. Calculate the remainder when h is divided by d(6).
60
Let j = -2891 - -2972. Let l(w) be the third derivative of w**4/24 + 7*w**3/3 + w**2. Calculate the remainder when j is divided by l(0).
11
Calculate the remainder when 52/((-416)/32) - -1*332 is divided by 49.
34
Suppose -133*k - 2*c - 32 = -135*k, 4*c = 3*k - 53. Suppose -9*b = -k*b + 14. Calculate the remainder when 7 is divided by b.
0
Suppose 1973*t - 1230 = 1968*t. Calculate the remainder when t is divided by 84.
78
Let r = 47072 + -46978. Suppose -3*w + 96 = -3. Calculate the remainder when r is divided by w.
28
Suppose -2*g = 5*w - 256, g + 160 = -3*w + 285. What is the remainder when g is divided by 73?
70
What is the remainder when 5292 is divided by (-188)/(-846)*711/2?
78
Let d(r) = 5*r + 197. Let y be d(-39). What is the remainder when 143 is divided by 0/(-5) + y + 4 - -66?
71
Let r(k) = k**2 + 40*k - 18. Let i be r(-10). Let x = -200 - i. What is the remainder when x is divided by 61?
57
Let r(k) = 67*k**2 + 24*k - 29. What is the remainder when r(2) is divided by 149?
138
Let q(s) = -s**3 - s**2 + s. Let x(g) = g**3 + 8*g**2 - g. Let n(v) = -2*q(v) - x(v). Let z be n(6). Calculate the remainder when 10*(1 - 9/z) is divided by 14.
11
Let o = 120 + -452. Let x = o - -382. Calculate the remainder when 97 is divided by x.
47
Let v = -928 - -931. Suppose v*h - 5*n = -n + 173, -2*h = -2*n - 116. Suppose -55 = -4*a + m, a + 3*m = 4*a - 30. What is the remainder when h is divided by a?
14
Let l be (-36)/4 + 2 + 10. Suppose 3*g - 117 = -l*o, 5*g - 235 = -5*o + 8*o. What is the remainder when 63 is divided by g?
19
Suppose -2*x + 24*l - 22*l + 1752 = 0, 0 = 5*x - 2*l - 4398. Calculate the remainder when 884 is divided by x.
2
Let x = 1446 - -17. Calculate the remainder when x is divided by 9.
5
Let p(q) = -q + 20. Suppose 0 = 3*a + 2 + 1, d - 15 = -a. Let l be p(d). Calculate the remainder when l/(-38) + (-21480)/(-456) is divided by 18.
11
Suppose -3*l + l + 610 = 3*h, 0 = -l - 3*h + 299. Suppose 34 = 5*u + 5*c - 261, 3*c = 4*u - 264. What is the remainder when l is divided by u?
59
Let j be 9/(-3)*1 + 3/(-3). Calculate the remainder when (j - (335 + -7))/(3 - 5) is divided by 58.
50
Calculate the remainder when 511 is divided by (-472)/(-6)*(-1 + (-20)/(-8) + 0).
39
Suppose 32*c + 3*c = -6*c + 3731. Calculate the remainder when 103 is divided by c.
12
Let d = 32339 - 32206. What is the remainder when 1859 is divided by d?
130
Let u(y) = 7*y + 7. Suppose 0 = b - 0 - 9. Calculate the remainder when u(b) is divided by (5 + -10)*(-864)/120.
34
Let g(b) = 75*b**2 - b - 1. Let f(t) = -25*t**2 + 1 + 4*t + 2*t**3 + 17*t**2 + 17*t**2. Let r be f(-4). Calculate the remainder when g(r) is divided by 19.
16
Let m = -79 - -316. Suppose 5*v - m = 153. Calculate the remainder when v is divided by 20.
18
Let y(k) = k**2 - 11*k + 29. Let p = -47 - -40. Let i(v) = -v**3 - 5*v**2 + 15*v + 17. Let d be i(p). What is the remainder when y(d) is divided by 7?
5
Let r(u) = -2*u + 18. Let a(c) = 115*c + 62. Calculate the remainder when a(1) is divided by r(0).
15
Let o = -14 + 2. Let i(x) be the third derivative of x**6/120 + 11*x**5/60 - 17*x**4/24 - 3*x**3/2 - 8*x**2. Calculate the remainder when i(o) is divided by 18.
15
Let k(s) = -4*s**2 - 51*s - 16. Let p be k(-10). Suppose -106 = -10*y + p. Calculate the remainder when y is divided by 2.
0
Let i(g) = -g**3 - 69*g**2 + 134*g - 83. What is the remainder when i(-71) is divided by 45?
35
Suppose 70 = -2*k - 6*y + 310, 0 = -5*k - 4*y + 545. What is the remainder when 384 is divided by k?
69
Let q be (-1764)/(-96) - 6/16. Let y = q - 9. Let w = 249 + -224. What is the remainder when